108 a multiple of 486?
True
Does 489 divide 5656263?
True
Is 89793 a multiple of 99?
True
Is 284 a factor of 392861?
False
Is 2458 a factor of 21506346?
False
Is 2152226 a multiple of 48?
False
Is 39100 a multiple of 31?
False
Does 31 divide 110546?
True
Is 2033174 a multiple of 14?
False
Is 1159433 a multiple of 14?
False
Is 74153 a multiple of 142?
False
Is 861816 a multiple of 241?
True
Is 1851362 a multiple of 71?
False
Is 3990838 a multiple of 62?
False
Is 531559 a multiple of 48?
False
Does 255 divide 7833090?
True
Is 497 a multiple of 17?
False
Is 885062 a multiple of 86?
False
Is 2714072 a multiple of 32?
False
Does 195 divide 46605?
True
Does 165 divide 897906?
False
Does 117 divide 257166?
True
Does 70 divide 4693725?
False
Does 33 divide 961950?
True
Is 812 a factor of 6491940?
True
Is 480853 a multiple of 9?
False
Is 13 a factor of 21532851?
False
Is 1350991 a multiple of 9?
False
Does 34 divide 60894?
True
Does 397 divide 73842?
True
Is 4 a factor of 415704?
True
Does 80 divide 141520?
True
Is 9116 a multiple of 172?
True
Does 29 divide 10322752?
False
Does 51 divide 5202?
True
Is 115876 a multiple of 59?
True
Does 31 divide 152318?
False
Is 87 a factor of 747156?
True
Is 5 a factor of 339776?
False
Is 140699 a multiple of 26?
False
Is 211375 a multiple of 95?
True
Does 7 divide 1156594?
False
Is 26 a factor of 4000984?
True
Does 17 divide 62518?
False
Is 73361 a multiple of 8?
False
Does 120 divide 147633?
False
Is 29 a factor of 1591752?
True
Is 38454 a multiple of 58?
True
Does 16 divide 125568?
True
Is 505665 a multiple of 153?
True
Is 162572 a multiple of 419?
True
Is 3 a factor of 243077?
False
Does 241 divide 473591?
False
Is 10 a factor of 4378170?
True
Is 2491 a factor of 24179128?
False
Is 11 a factor of 255002?
True
Does 578 divide 997361?
False
Is 390 a factor of 3058770?
True
Is 342324 a multiple of 257?
True
Is 79 a factor of 1231378?
False
Is 203 a factor of 521304?
True
Is 213 a factor of 395541?
True
Does 119 divide 3071739?
False
Does 40 divide 109062?
False
Is 106 a factor of 34200?
False
Is 53652 a multiple of 102?
True
Is 242352 a multiple of 54?
True
Is 7 a factor of 283143?
True
Is 913 a factor of 389851?
True
Is 8 a factor of 13449?
False
Is 39 a factor of 663585?
True
Is 1609335 a multiple of 21?
True
Is 18 a factor of 46659?
False
Is 11332041 a multiple of 2201?
False
Does 53 divide 913667?
True
Is 64 a factor of 19694?
False
Is 421 a factor of 653688?
False
Is 25 a factor of 2033272?
False
Is 122 a factor of 358122?
False
Does 47 divide 20351?
True
Does 11 divide 6786?
False
Is 130 a factor of 83592?
False
Is 173 a factor of 248947?
True
Is 483268 a multiple of 7?
False
Is 64256 a multiple of 8?
True
Is 40 a factor of 122320?
True
Is 3 a factor of 574059?
True
Is 14 a factor of 4282824?
True
Is 4677192 a multiple of 228?
True
Does 1702 divide 6869127?
False
Does 268 divide 878504?
True
Is 1837529 a multiple of 53?
False
Is 5398059 a multiple of 13?
False
Is 236 a factor of 4392873?
False
Is 26 a factor of 18267080?
True
Is 1764432 a multiple of 8?
True
Is 118 a factor of 165554?
True
Is 11 a factor of 507881?
True
Does 20 divide 127914?
False
Is 10 a factor of 52000?
True
Is 13 a factor of 3365193?
True
Is 425444 a multiple of 124?
True
Does 473 divide 329681?
True
Is 35 a factor of 211333?
False
Does 356 divide 1129588?
True
Is 68 a factor of 35751?
False
Is 103222 a multiple of 7?
True
Is 30557 a multiple of 4?
False
Is 799258 a multiple of 13?
False
Is 10025994 a multiple of 33?
True
Does 16 divide 2585840?
True
Is 180 a factor of 6229262?
False
Does 242 divide 190821?
False
Is 417049 a multiple of 49?
False
Is 705432 a multiple of 168?
True
Is 228 a factor of 204288?
True
Is 90200 a multiple of 139?
False
Is 4 a factor of 9694?
False
Does 34 divide 352733?
False
Is 13 a factor of 398583?
False
Is 58 a factor of 2816887?
False
Is 188486 a multiple of 73?
True
Is 13 a factor of 203541?
True
Is 6782589 a multiple of 1189?
False
Is 15 a factor of 1684965?
True
Is 323037 a multiple of 193?
False
Does 234 divide 115362?
True
Does 13 divide 3363893?
True
Is 104 a factor of 6772074?
False
Is 81 a factor of 539946?
True
Does 931 divide 11550062?
False
Does 3 divide 382323?
True
Is 55 a factor of 322309?
False
Is 985250 a multiple of 350?
True
Is 686 a factor of 880138?
True
Does 23 divide 298643?
False
Is 55563 a multiple of 10?
False
Does 30 divide 3551820?
True
Is 38793 a multiple of 28?
False
Is 590544 a multiple of 432?
True
Is 221 a factor of 43561?
False
Is 7 a factor of 21756?
True
Does 404 divide 196531?
False
Is 54984 a multiple of 29?
True
Is 84 a factor of 1888908?
True
Is 129069 a multiple of 9?
True
Is 14 a factor of 13692?
True
Is 4 a factor of 42440?
True
Is 115 a factor of 450225?
True
Is 117139 a multiple of 209?
False
Does 10 divide 669528?
False
Is 16506285 a multiple of 52?
False
Is 2 a factor of 1890?
True
Is 1365520 a multiple of 104?
True
Is 74562 a multiple of 718?
False
Is 562183 a multiple of 33?
False
Is 1708630 a multiple of 154?
True
Is 165 a factor of 18982068?
False
Is 1005994 a multiple of 1053?
False
Is 726381 a multiple of 9?
True
Is 22404 a multiple of 15?
False
Is 12338 even?
True
Is 2117202 a multiple of 473?
False
Is 3 a factor of 197755?
False
Is 10510995 a multiple of 33?
True
Does 42 divide 664104?
True
Is 9 a factor of 9132273?
True
Is 47 a factor of 10338?
False
Is 208 a factor of 102410?
False
Is 2536777 a multiple of 463?
True
Does 143 divide 254540?
True
Does 131 divide 6662621?
False
Is 2376 a multiple of 6?
True
Is 1710953 a multiple of 27?
False
Is 3738330 a multiple of 9?
True
Is 18 a factor of 322092?
True
Is 1918372 a multiple of 27?
False
Does 405 divide 332215?
False
Is 125 a factor of 348875?
True
Does 33 divide 151899?
True
Is 5 a factor of 33370?
True
Is 167440 a multiple of 56?
True
Does 31 divide 12433?
False
Does 14 divide 236194?
True
Is 321425 a multiple of 25?
True
Is 63 a factor of 453663?
True
Is 41 a factor of 7544?
True
Is 2670136 a multiple of 48?
False
Is 275401 a multiple of 100?
False
Is 83 a factor of 502787?
False
Does 30 divide 15540?
True
Is 425457 a multiple of 3?
True
Is 104 a factor of 6311968?
True
Is 91 a factor of 591782?
False
Is 14395584 a multiple of 56?
True
Is 12665 a multiple of 17?
True
Is 21564 even?
True
Is 279 a factor of 2225583?
True
Is 27 a factor of 46953?
True
Is 370736 a multiple of 58?
True
Is 1510788 a multiple of 22?
False
Does 642 divide 922023?
False
Does 3 divide 10721?
False
Is 3838 even?
True
Is 191149 a multiple of 47?
True
Is 32 a factor of 1529064?
False
Is 1313494 a multiple of 445?
False
Does 176 divide 150128?
True
Is 69 a factor of 1024167?
True
Is 8 a factor of 1187472?
True
Is 13 a factor of 406343?
False
Is 65 a factor of 1904170?
False
Is 1729506 a multiple of 141?
True
Is 496971 a multiple of 9?
True
Is 3861475 a multiple of 25?
True
Is 25 a factor of 12626?
False
Is 188 a factor of 82532?
True
Is 13 a factor of 15703389?
True
Is 18 a factor of 6544764?
True
Is 16623450 a multiple of 75?
True
Does 1313 divide 23526553?
False
Is 20 a factor of 138613?
False
Is 150661 a multiple of 7?
True
Does 18 divide 225192?
False
Is 85331 a multiple of 196?
False
Does 117 divide 1646190?
True
Is 230795 a multiple of 31?
True
Is 2 a factor of 935311?
False
Is 2 a factor of 2723?
False
Does 7 divide 475155?
False
Is 268250 a multiple of 58?
True
Is 385214 a multiple of 81?
False
Is 753 a factor of 6003096?
False
Is 1114740 a multiple of 330?
True
Is 3993645 a multiple of 1329?
True
Is 35 a factor of 60445?
True
Is 183897 a multiple of 441?
True
Is 45672 a multiple of 173?
True
Is 13 a factor of 7882940?
True
Is 34 a factor of 972637?
False
Is 28728 a multiple of 27?
True
Is 736 a multiple of 10?
False
Is 267664 a multiple of 21?
False
Is 882295 even?
False
Is 102 a factor of 148052?
False
Is 1576944 a multiple of 564?
True
Is 1424 a factor of 5622739?
False
Does 33 divide 9193140?
True
Is 30 a factor of 9371541?
False
Does 608 divide 6816396?
False
Does 26 divide 74542?
True
Is 2304922 a multiple of 25?
False
Does 12 divide 1552422?
False
Is 51 a factor of 1955005?
False
Is 10262480 a multiple of 425?
False
Does 12 divide 1070830?
False
Does 169 divide 1859?
True
Does 16 divide 2991409?
False
Does 628 div